{"id":61,"date":"2017-07-25T20:18:31","date_gmt":"2017-07-25T18:18:31","guid":{"rendered":"http:\/\/iton-tech.com\/?page_id=61"},"modified":"2022-03-26T22:15:31","modified_gmt":"2022-03-26T21:15:31","slug":"it-implementations","status":"publish","type":"page","link":"https:\/\/www.iton-tech.com\/index.php\/it-implementations\/","title":{"rendered":"Bazy Danych"},"content":{"rendered":"<ul>\n<li>Budowa i utrzymanie \u015brodowisk bazodanowych Microsoft SQL Server<\/li>\n<li>Optymalizacja wydajno\u015bci serwer\u00f3w i baz danych SQL Server (Performance Tuning)<\/li>\n<li>Konsolidacje serwer\u00f3w bazodanowych i baz danych Microsoft SQL Server<\/li>\n<li>Implementacja proces\u00f3w Backup &amp; Disaster Recovery Plan (DRP)<\/li>\n<li>Budow\u0119 rozwi\u0105za\u0144 bazodanowych wysokiej dost\u0119pno\u015bci (HA &#8211; High Availability)<\/li>\n<li>Migracje danych<\/li>\n<\/ul>\n","protected":false},"excerpt":{"rendered":"<p>Budowa i utrzymanie \u015brodowisk bazodanowych Microsoft SQL Server Optymalizacja wydajno\u015bci serwer\u00f3w i baz danych SQL Server (Performance Tuning) Konsolidacje serwer\u00f3w bazodanowych i baz danych Microsoft SQL Server Implementacja proces\u00f3w Backup &amp; Disaster Recovery Plan (DRP) Budow\u0119 rozwi\u0105za\u0144 bazodanowych wysokiej dost\u0119pno\u015bci (HA &#8211; High Availability) Migracje danych<\/p>\n","protected":false},"author":1,"featured_media":0,"parent":0,"menu_order":0,"comment_status":"closed","ping_status":"closed","template":"","meta":{"_mi_skip_tracking":false},"_links":{"self":[{"href":"https:\/\/www.iton-tech.com\/index.php\/wp-json\/wp\/v2\/pages\/61"}],"collection":[{"href":"https:\/\/www.iton-tech.com\/index.php\/wp-json\/wp\/v2\/pages"}],"about":[{"href":"https:\/\/www.iton-tech.com\/index.php\/wp-json\/wp\/v2\/types\/page"}],"author":[{"embeddable":true,"href":"https:\/\/www.iton-tech.com\/index.php\/wp-json\/wp\/v2\/users\/1"}],"replies":[{"embeddable":true,"href":"https:\/\/www.iton-tech.com\/index.php\/wp-json\/wp\/v2\/comments?post=61"}],"version-history":[{"count":28,"href":"https:\/\/www.iton-tech.com\/index.php\/wp-json\/wp\/v2\/pages\/61\/revisions"}],"predecessor-version":[{"id":518,"href":"https:\/\/www.iton-tech.com\/index.php\/wp-json\/wp\/v2\/pages\/61\/revisions\/518"}],"wp:attachment":[{"href":"https:\/\/www.iton-tech.com\/index.php\/wp-json\/wp\/v2\/media?parent=61"}],"curies":[{"name":"wp","href":"https:\/\/api.w.org\/{rel}","templated":true}]}}